u(c) = -c + 1. Let z(y) = y + 1. Let d(h) = -3*u(h) - 2*z(h). Give d(m).
-1
Let l(h) = -3*h**3 + 7*h**2 + h - 3. Let j(u) = u**2 - 52*u + 654. Let x be j(21). Calculate l(x).
-18
Let t(g) = 2*g**2 + g - 226. Let o(n) = -8*n**2 - 5*n + 1016. Let y(w) = 2*o(w) + 9*t(w). Let f(m) = m - 3. Let h be f(7). Calculate y(h).
26
Let m(y) = -7*y**3 - 5*y**2 + 5. Let f(q) = q**3 - q**2 + 1. Let w(j) = 6*f(j) - m(j). Suppose 9*z - 8*z - 30 = 0. Let x = -31 + z. Give w(x).
-13
Let y(m) be the first derivative of -m**4/2 - 11*m**3/3 + 16*m - 2034. Give y(-5).
-9
Let t(h) = -h - 3. Let b(i) = -2*i - 4. Let q(s) = -2*b(s) + 3*t(s). Suppose 3*x + 88 = 14*x. Suppose 0 = 9*r + 35 - x. Determine q(r).
-4
Let u = 4600 - 4583. Let v(j) = 26*j - 442. What is v(u)?
0
Let o(t) = 4*t**2 - 25 - 138549*t - 138672*t + 277311*t. What is o(-23)?
21
Suppose -5*u + 3*f = -9, 6*f = -u + f + 13. Suppose 0 = u*k + 7*d - 5*d - 19, d = -5*k + 41. Let n(o) = -o**2 + 8*o + 7. What is n(k)?
-2
Suppose -15*f + 5*g = -13*f - 50, 3*g + 8 = -f. Let z(a) = -3*a**2 + 31*a - 8. What is z(f)?
2
Let i(b) = 82*b**2 + 4*b - 57. Let a(c) = 39*c**2 + c - 28. Let x(k) = -21*a(k) + 10*i(k). Calculate x(-21).
60
Let x(u) = -3*u. Let h(b) = -4*b + 1. Let p(d) = -2*h(d) + 3*x(d). Let w(i) = 8*i - 1. Let l(r) = 2*p(r) + w(r). Calculate l(6).
31
Let r(x) be the second derivative of -x**4/12 + 23*x**3/6 - 2*x**2 + 9509*x. Give r(23).
-4
Let s = -4249 + 4250. Let y(t) = -30*t**2. Determine y(s).
-30
Let u(z) = -790*z - 11852. Let q be u(-15). Let n(x) = 2*x + x**2 + 2 + 0*x**2 - 1. Calculate n(q).
1
Let l(t) = t**3 + 7*t**2 + 5*t - 1. Let h be ((-12)/(-8))/((-3)/(-110)). Let b(i) = -i**3 + 12*i**2 - 6*i + 6. Let s be b(11). Let c = h - s. Determine l(c).
5
Let m(a) = 7*a**3 + 12*a**3 - 35*a**3 + 50 + 17*a**2 + 3*a + 17*a**3. Give m(-17).
-1
Let n(b) = b**2 - 14. Let i be 8 - (3 + -4)*-2. Suppose -i + 9 = 3*l. Let m be ((-3)/(-2) - l)*0 - 0. Determine n(m).
-14
Let s(x) = x**3 + 8*x**2 + 6*x - 3. Suppose -3*d = -2*o + 23, 4*d + 3*o + o = -24. Let t be s(d). Let i = 8 - t. Let h(m) = m**3 - 4*m**2 + 2. What is h(i)?
2
Suppose 525 + 928 - 388 = -71*j. Let g(u) = u**3 + 14*u**2 - 15*u - 10. Give g(j).
-10
Let s(c) = -c**2 - 4*c + 5. Suppose -17*u = 4*u - 336. Suppose 2*a + u - 4 = 0. Determine s(a).
-7
Let n(j) = -j**3 + 19*j + 26. Let m be n(-5). Let t = 57 - m. Let u(k) = k**2 - k + 1. Give u(t).
1
Let w(g) = -1. Let h(m) = -m. Let z(j) = -h(j) - 2*w(j). Suppose 8*y - 118 = -62. Let c be 9/63*y*(-2 + 0). What is z(c)?
0
Let j be (10/(-7))/(130/(-2184)). Let d(z) = -z**2 + 22*z + 57. What is d(j)?
9
Let f(o) be the first derivative of -o**4/6 - o**3/2 - 86*o**2 - 187. Let x(q) be the second derivative of f(q). Calculate x(6).
-27
Let f(t) = -t**3 + 12*t**2 + 2*t - 8. Let a = -472 - -616. Suppose -8*q = 4*q - a. Calculate f(q).
16
Suppose 2*u + u = -5*l + 13, -4 = -4*l + 4*u. Let v(n) = n + l*n + 2 + 5 - n. Give v(-5).
-3
Let s(v) be the third derivative of -1/24*v**4 + 0*v + 1/120*v**6 + 5*v**2 - 7 + 1/3*v**3 + 0*v**5. Calculate s(0).
2
Let r(i) = 101*i - 5. Let g(n) = -252*n + 12. Let w(v) = 5*g(v) + 12*r(v). Let z be ((-6)/144)/((-22)/528). Give w(z).
-48
Let q(x) be the second derivative of -x**3/6 - 7*x**2/2 - 4097*x. Suppose -n - n = 6. Give q(n).
-4
Let x(v) = 2*v**2 - 4*v. Let t(c) = 5*c**2 - 8*c - 1. Let a(i) = -3*t(i) + 7*x(i). Suppose -4*h - 19*g - 22 = -18*g, 5*g + 5 = h. What is a(h)?
-2
Suppose 219*z - 494*z + 230*z - 945 = 0. Let b(g) = g**2 + 19*g - 7. Determine b(z).
35
Let y be 17 - 220/20 - -2. Let l(h) = h + 13. Determine l(y).
21
Let d(u) = 2 - 4 + u + 10*u**2 + 254*u**3 - 253*u**3 + 4. Let j(s) = s**2 + 45*s + 494. Let h be j(-24). Give d(h).
-8
Let t(m) = 17*m**3 - 3*m + 34. Let s(i) = -15*i**3 - i**2 + 2*i - 31. Let r(f) = 8*s(f) + 7*t(f). Give r(-8).
30
Suppose -v + 9 - 1 = 0. Let z(p) be the second derivative of -5/2*p**2 + 0 + 4/3*p**3 - 3/4*p**4 + 1/20*p**5 - 5*p. What is z(v)?
-5
Let p(r) be the first derivative of 3*r**2/2 - 3*r - 29. Suppose 2*v + 5 = -3*v. Let d be ((-9)/(-15) - 1)/(v/10). Calculate p(d).
9
Let i be 108/14 - (-20)/70. Let r(j) = -7*j**3 + i + 4*j**3 - j**3 - 11*j + 16*j**2. Let n(k) = k**3 - k**2 - 1. Let f(t) = 5*n(t) + r(t). Give f(-12).
-9
Let g(c) = -2*c**3 + 10*c**2 + 13*c - 4. Let b be (38/(-361) + 46/76)*(-12 - -24). Calculate g(b).
2
Let h(c) = -9*c + 16. Let l be h(-7). Let q = -64 + l. Let m(b) = 49*b - 17*b - 15*b - 1 - q*b. Calculate m(-2).
-5
Let t(w) be the third derivative of w**6/120 + 13*w**5/60 + 7*w**4/12 + 23*w**3/6 + 673*w**2. What is t(-12)?
-1
Suppose 9 = 5*g - 16, -4*g + 10 = -5*r. Let y(x) = x**2 - 5*x**r + 2*x + x**2. Let h be (-2 + 2 - 4) + 2. Calculate y(h).
-16
Let u be 5 + -13 + 7 + (2 - -3*1). Let r(o) = -3*o**2 + 7*o - 2. Determine r(u).
-22
Let l(x) be the second derivative of x**5/20 + 11*x**4/12 + x**3/6 - 3*x**2/2 - x + 3136. Give l(0).
-3
Let c be (-4)/(-18) + 8946/(-162). Let z = -55 - c. Suppose -4*x - 5*a + 28 = 0, z = -5*x - 3*a + 27 - 5. Let n(w) = 4*w - 3. Calculate n(x).
5
Suppose 4*s = 0, -4*u = -6*u + 4*s - 120. Suppose 5*b - 671 + 411 = 0. Let m = b + u. Let t(x) = -x**3 - 8*x**2 + 5. Give t(m).
5
Let q be (0 - 4) + 11 + (-6 - -3). Let k(c) = 792*c - 799*c - 6*c**2 + q*c**3 - 3*c**3 + 6. What is k(7)?
6
Suppose -3*p = -15, 0*o - 2*o - 5*p + 35 = 0. Suppose q = 0, 4*y + o*q - 10 = 2*y. Let f(i) = 2*i + 5 - 3*i + 1. Determine f(y).
1
Suppose 34*d - 30*d = 352. Suppose 3*k - 11*k + d = 0. Let h(x) = -2*x + 20. Let r be h(k). Let y(q) = -4*q**3 - 2*q**2 - 2. Calculate y(r).
22
Let b(d) = 30*d**2 + 62*d + 63. Let v be b(-1). Let s(f) = f**3 - 30*f**2 - 31*f + 6. Give s(v).
6
Let u(z) = -8 + 9*z**2 + z - z**3 - 3*z**2 + 2*z**2 + 3*z**2 - 4*z**2. Calculate u(7).
-1
Let a(x) be the second derivative of x**4/12 + x**3 + 7*x**2/2 - 3*x. Let c = 327 - 332. Calculate a(c).
2
Let l be 1*33*(7 + -6). Suppose -6*u + l = 21. Suppose -c = u, w + c = -c - 3. Let j(f) = -18*f**2 + f. What is j(w)?
-17
Let f(m) = 2*m**3 + 2*m**2 + 3*m - 2. Let k = 2839 + -2838. Determine f(k).
5
Let b(r) = 2*r**2 - 2*r + 2. Let l(v) = -v**2 + v + 2. Let m(j) = -2*j**2 + 1. Let n(c) = l(c) - 2*m(c). Let o be n(-1). What is b(o)?
6
Let s(q) be the second derivative of -q**3/2 - 28*q**2 - 228*q. Determine s(-15).
-11
Let x = -8325 - -8314. Let u(p) = -p**2 - 5*p - 13. Give u(x).
-79
Let t(z) = 5*z**3 + 3*z**2 - 3*z - 5. Suppose 2*x - 4*r = -18, 15*r + 21 = -5*x + 19*r. What is t(x)?
-4
Let h(j) = 7*j**2 + 9*j**2 + j**3 + 20 - 15*j**2 + 6*j**2 - 6*j. Let i be h(-8). Let c(b) = 5*b - 3. What is c(i)?
17
Let h(r) = -336*r - 2348. Let v be h(-7). Let i(g) = -5*g + 8. Give i(v).
-12
Suppose 0 = 11*z - 19*z + 216. Let u = z - 23. Let r(x) = 2*x - 6. Determine r(u).
2
Let b(q) = -4*q + 2. Suppose 2*c = 4*r + 14, -2*c + r + 41 = 6*r. Suppose -2*u - z + 2 = -3*z, -z = -5*u + c. Calculate b(u).
-10
Let i(a) = 6*a**3 + 3*a**2 - 2*a + 1. Let q be -3 - (26/(-2) - (-7 - 1)). What is i(q)?
57
Suppose 3 = -6*l - 3. Let q be (-4 - l) + -9 + 16. Let y(m) be the third derivative of m**4/12 - m**3/2 - 23*m**2. Calculate y(q).
5
Let w(j) = j**3 + 12*j**2 - 10*j + 37. Let q be w(-13). Let s(n) = -n**3 - 3*n**2 - 4*n - 4. Let b be s(q). Let z(o) = o**2 - o + 4. Determine z(b).
4
Let f = 27063 + -27063. Let q(o) be the second derivative of -1/2*o**3 + 4*o + f + 1/20*o**5 + 2/3*o**4 - 4*o**2. Determine q(-8).
16
Let w(z) be the first derivative of 4*z + 5/2*z**2 - 150. Determine w(4).
24
Let t(c) = 26*c**2 - 55 + 28*c - 27*c**2 + 49. Let r(u) = -2*u**2 + 53*u - 12. Let d(b) = 6*r(b) - 11*t(b). Give d(10).
-6
Let s = -141 - -164. Let l(v) = -17 + 5*v - 21 + s + v**2 - 11. Calculate l(-8).
-2
Let h(z) be the first derivative of z**2/2 + 13*z + 1230. Give h(4).
17
Let p(d) = 4*d**2 + d - 2. Let t = -43 - -63. Suppose 10 - t = -5*q. Calculate p(q).
16
Let w(c) = -4*c**2 + 40*c + 12. Suppose -291 = -38*t - 58 + 147. What is w(t)?
12
Let f = -1733 + 1726. Let n(h) = h**2 + 3*h + 8*h + 7 + 3. Calculate n(f).
-18
Let n(i) = 4*i**3 + 154*i**2 + 7*i - 106. Let r(o) = -o**3 - 36*o**2 - 2*o + 26. Let s(z) = -4*n(z) - 17*r(z). Determine s(4).
6
Let m(v) = 40*v**3 + 40*v**3 - 20*v**2 - 81*v**3 - 54 - 2*v + 4. What is m(-20)?
-10
Suppose 112*w - 22 = 116*w + 3*f, 4*w = -5*f - 10. Let d(x) 